{"id":5426,"date":"2024-07-17T22:52:05","date_gmt":"2024-07-17T22:52:05","guid":{"rendered":"https:\/\/motoleonardo.com\/?post_type=product&#038;p=5426"},"modified":"2025-06-17T15:00:46","modified_gmt":"2025-06-17T15:00:46","slug":"muc-off-spray-motorcycle-dry-chain-lube-tempo-seco-400ml","status":"publish","type":"product","link":"https:\/\/motoleonardo.com\/?product=muc-off-spray-motorcycle-dry-chain-lube-tempo-seco-400ml","title":{"rendered":"Muc-Off Spray Corrente Dry Chain Lube (Tempo Seco e Humido) 400ml"},"content":{"rendered":"<p><strong>Muc Off Dry Chain Lube<\/strong> \u00e9 formulado para suportar as press\u00f5es extremas que s\u00e3o aplicadas a uma corrente de mota. \u00c9 um lubrificante de corrente para clima seco altamente vers\u00e1til que possui qualidades de penetra\u00e7\u00e3o superiores, garantindo que todas as partes do elo da corrente sejam lubrificadas. Nossa avan\u00e7ada &#8216;F\u00f3rmula Seca&#8217; cria uma camada limpa, dur\u00e1vel e protetora que inibe a ferrugem e a corros\u00e3o, ao mesmo tempo que libera uma fragr\u00e2ncia fresca de banana! A f\u00f3rmula tem fric\u00e7\u00e3o de superf\u00edcie excecionalmente baixa para fornecer efici\u00eancia incr\u00edvel do sistema de transmiss\u00e3o sem atrair contaminantes. \u00c9 limpo e f\u00e1cil de usar.<\/p>\n<p>Perigo:<br \/>\nAerossol extremamente inflam\u00e1vel. Recipiente pressurizado. Pode explodir se aquecido. Causa irrita\u00e7\u00e3o na pele. Causa s\u00e9ria irrita\u00e7\u00e3o nos olhos. Pode causar sonol\u00eancia ou tonturas. T\u00f3xico para os organismos aqu\u00e1ticos com efeitos duradouros. Mantenha fora do alcance de crian\u00e7as<\/p>\n<p><strong>Caracter\u00edsticas do produto:<\/strong><br \/>\nF\u00f3rmula de alto desempenho que deixa pel\u00edcula protetora seca e n\u00e3o pegajosa<br \/>\nSeguro na estrutura, pe\u00e7as de metal, pl\u00e1sticos, borracha, tinta e fibra de carbono<br \/>\nElimina o excesso de umidade<br \/>\nImpede a ades\u00e3o de sujeira<br \/>\nLubrificante leve reveste as pe\u00e7as m\u00f3veis<br \/>\nR\u00e1pido e f\u00e1cil de usar<br \/>\nSpray aerossol 400ml<br \/>\nCont\u00e9m corante UV para saber quando precisa ser untado ou se tem excesso de lubrifica\u00e7\u00e3o<\/p>\n","protected":false},"excerpt":{"rendered":"<p>Muc Off Dry Chain Lube \u00e9 formulado para suportar as press\u00f5es extremas que s\u00e3o aplicadas a uma corrente de mota. \u00c9 um lubrificante de corrente para clima seco altamente vers\u00e1til que possui qualidades de penetra\u00e7\u00e3o superiores, garantindo que todas as partes do elo da corrente sejam lubrificadas. Nossa avan\u00e7ada &#8216;F\u00f3rmula Seca&#8217; cria uma camada limpa, dur\u00e1vel e protetora que inibe a ferrugem e a corros\u00e3o, ao mesmo tempo que libera uma fragr\u00e2ncia fresca de banana! A f\u00f3rmula tem fric\u00e7\u00e3o de superf\u00edcie excecionalmente baixa para fornecer efici\u00eancia incr\u00edvel do sistema de transmiss\u00e3o sem atrair contaminantes. \u00c9 limpo e f\u00e1cil de usar. Perigo: Aerossol extremamente inflam\u00e1vel. Recipiente pressurizado. Pode explodir se aquecido. Causa irrita\u00e7\u00e3o na pele. Causa s\u00e9ria irrita\u00e7\u00e3o nos olhos. Pode causar sonol\u00eancia ou tonturas. T\u00f3xico para os organismos aqu\u00e1ticos com efeitos duradouros. Mantenha fora do alcance de crian\u00e7as Caracter\u00edsticas do produto: F\u00f3rmula de alto desempenho que deixa pel\u00edcula protetora seca e n\u00e3o pegajosa Seguro na estrutura, pe\u00e7as de metal, pl\u00e1sticos, borracha, tinta e fibra de carbono Elimina o excesso de umidade Impede a ades\u00e3o de sujeira Lubrificante leve reveste as pe\u00e7as m\u00f3veis R\u00e1pido e f\u00e1cil de usar Spray aerossol 400ml Cont\u00e9m corante UV para saber quando precisa ser untado ou se tem excesso de lubrifica\u00e7\u00e3o<\/p>\n","protected":false},"featured_media":5427,"template":"","meta":{"ocean_post_layout":"","ocean_both_sidebars_style":"","ocean_both_sidebars_content_width":0,"ocean_both_sidebars_sidebars_width":0,"ocean_sidebar":"0","ocean_second_sidebar":"0","ocean_disable_margins":"enable","ocean_add_body_class":"","ocean_shortcode_before_top_bar":"","ocean_shortcode_after_top_bar":"","ocean_shortcode_before_header":"","ocean_shortcode_after_header":"","ocean_has_shortcode":"","ocean_shortcode_after_title":"","ocean_shortcode_before_footer_widgets":"","ocean_shortcode_after_footer_widgets":"","ocean_shortcode_before_footer_bottom":"","ocean_shortcode_after_footer_bottom":"","ocean_display_top_bar":"default","ocean_display_header":"default","ocean_header_style":"","ocean_center_header_left_menu":"0","ocean_custom_header_template":"0","ocean_custom_logo":0,"ocean_custom_retina_logo":0,"ocean_custom_logo_max_width":0,"ocean_custom_logo_tablet_max_width":0,"ocean_custom_logo_mobile_max_width":0,"ocean_custom_logo_max_height":0,"ocean_custom_logo_tablet_max_height":0,"ocean_custom_logo_mobile_max_height":0,"ocean_header_custom_menu":"0","ocean_menu_typo_font_family":"0","ocean_menu_typo_font_subset":"","ocean_menu_typo_font_size":0,"ocean_menu_typo_font_size_tablet":0,"ocean_menu_typo_font_size_mobile":0,"ocean_menu_typo_font_size_unit":"px","ocean_menu_typo_font_weight":"","ocean_menu_typo_font_weight_tablet":"","ocean_menu_typo_font_weight_mobile":"","ocean_menu_typo_transform":"","ocean_menu_typo_transform_tablet":"","ocean_menu_typo_transform_mobile":"","ocean_menu_typo_line_height":0,"ocean_menu_typo_line_height_tablet":0,"ocean_menu_typo_line_height_mobile":0,"ocean_menu_typo_line_height_unit":"","ocean_menu_typo_spacing":0,"ocean_menu_typo_spacing_tablet":0,"ocean_menu_typo_spacing_mobile":0,"ocean_menu_typo_spacing_unit":"","ocean_menu_link_color":"","ocean_menu_link_color_hover":"","ocean_menu_link_color_active":"","ocean_menu_link_background":"","ocean_menu_link_hover_background":"","ocean_menu_link_active_background":"","ocean_menu_social_links_bg":"","ocean_menu_social_hover_links_bg":"","ocean_menu_social_links_color":"","ocean_menu_social_hover_links_color":"","ocean_disable_title":"default","ocean_disable_heading":"default","ocean_post_title":"","ocean_post_subheading":"","ocean_post_title_style":"","ocean_post_title_background_color":"","ocean_post_title_background":0,"ocean_post_title_bg_image_position":"","ocean_post_title_bg_image_attachment":"","ocean_post_title_bg_image_repeat":"","ocean_post_title_bg_image_size":"","ocean_post_title_height":0,"ocean_post_title_bg_overlay":0.5,"ocean_post_title_bg_overlay_color":"","ocean_disable_breadcrumbs":"default","ocean_breadcrumbs_color":"","ocean_breadcrumbs_separator_color":"","ocean_breadcrumbs_links_color":"","ocean_breadcrumbs_links_hover_color":"","ocean_display_footer_widgets":"default","ocean_display_footer_bottom":"default","ocean_custom_footer_template":"0","omw_enable_modal_window":"enable"},"product_brand":[],"product_cat":[68,111],"product_tag":[113,659,496,493,112,660],"class_list":{"0":"post-5426","1":"product","2":"type-product","3":"status-publish","4":"has-post-thumbnail","6":"product_cat-manutencao","7":"product_cat-spray-corrente","8":"product_tag-corrente","9":"product_tag-dry-chain","10":"product_tag-lube","11":"product_tag-muc-off","12":"product_tag-spray","13":"product_tag-tempo-seco","15":"entry","16":"has-media","18":"first","19":"instock","20":"sale","21":"shipping-taxable","22":"purchasable","23":"product-type-simple","24":"has-product-nav","25":"col","26":"span_1_of_4","27":"owp-content-right","28":"owp-thumbs-layout-horizontal","29":"owp-btn-normal","30":"owp-tabs-layout-horizontal"},"yoast_head":"<!-- This site is optimized with the Yoast SEO plugin v27.4 - https:\/\/yoast.com\/product\/yoast-seo-wordpress\/ -->\n<title>Muc-Off Spray Corrente Dry Chain Lube (Tempo Seco e Humido) 400ml - Moto Leonardo<\/title>\n<meta name=\"robots\" content=\"index, follow, max-snippet:-1, max-image-preview:large, max-video-preview:-1\" \/>\n<link rel=\"canonical\" href=\"https:\/\/motoleonardo.com\/?product=muc-off-spray-motorcycle-dry-chain-lube-tempo-seco-400ml\" \/>\n<meta property=\"og:locale\" content=\"pt_PT\" \/>\n<meta property=\"og:type\" content=\"article\" \/>\n<meta property=\"og:title\" content=\"Muc-Off Spray Corrente Dry Chain Lube (Tempo Seco e Humido) 400ml - Moto Leonardo\" \/>\n<meta property=\"og:description\" content=\"Muc Off Dry Chain Lube \u00e9 formulado para suportar as press\u00f5es extremas que s\u00e3o aplicadas a uma corrente de mota. \u00c9 um lubrificante de corrente para clima seco altamente vers\u00e1til que possui qualidades de penetra\u00e7\u00e3o superiores, garantindo que todas as partes do elo da corrente sejam lubrificadas. Nossa avan\u00e7ada &#8216;F\u00f3rmula Seca&#8217; cria uma camada limpa, dur\u00e1vel e protetora que inibe a ferrugem e a corros\u00e3o, ao mesmo tempo que libera uma fragr\u00e2ncia fresca de banana! A f\u00f3rmula tem fric\u00e7\u00e3o de superf\u00edcie excecionalmente baixa para fornecer efici\u00eancia incr\u00edvel do sistema de transmiss\u00e3o sem atrair contaminantes. \u00c9 limpo e f\u00e1cil de usar. Perigo: Aerossol extremamente inflam\u00e1vel. Recipiente pressurizado. Pode explodir se aquecido. Causa irrita\u00e7\u00e3o na pele. Causa s\u00e9ria irrita\u00e7\u00e3o nos olhos. Pode causar sonol\u00eancia ou tonturas. T\u00f3xico para os organismos aqu\u00e1ticos com efeitos duradouros. Mantenha fora do alcance de crian\u00e7as Caracter\u00edsticas do produto: F\u00f3rmula de alto desempenho que deixa pel\u00edcula protetora seca e n\u00e3o pegajosa Seguro na estrutura, pe\u00e7as de metal, pl\u00e1sticos, borracha, tinta e fibra de carbono Elimina o excesso de umidade Impede a ades\u00e3o de sujeira Lubrificante leve reveste as pe\u00e7as m\u00f3veis R\u00e1pido e f\u00e1cil de usar Spray aerossol 400ml Cont\u00e9m corante UV para saber quando precisa ser untado ou se tem excesso de lubrifica\u00e7\u00e3o\" \/>\n<meta property=\"og:url\" content=\"https:\/\/motoleonardo.com\/?product=muc-off-spray-motorcycle-dry-chain-lube-tempo-seco-400ml\" \/>\n<meta property=\"og:site_name\" content=\"Moto Leonardo\" \/>\n<meta property=\"article:publisher\" content=\"https:\/\/www.facebook.com\/motoleonardopt\" \/>\n<meta property=\"article:modified_time\" content=\"2025-06-17T15:00:46+00:00\" \/>\n<meta property=\"og:image\" content=\"https:\/\/i0.wp.com\/motoleonardo.com\/wp-content\/uploads\/2024\/07\/muc-off-dry-chain.jpeg?fit=800%2C797&ssl=1\" \/>\n\t<meta property=\"og:image:width\" content=\"800\" \/>\n\t<meta property=\"og:image:height\" content=\"797\" \/>\n\t<meta property=\"og:image:type\" content=\"image\/jpeg\" \/>\n<meta name=\"twitter:card\" content=\"summary_large_image\" \/>\n<meta name=\"twitter:label1\" content=\"Tempo estimado de leitura\" \/>\n\t<meta name=\"twitter:data1\" content=\"1 minuto\" \/>\n<script type=\"application\/ld+json\" class=\"yoast-schema-graph\">{\"@context\":\"https:\\\/\\\/schema.org\",\"@graph\":[{\"@type\":\"WebPage\",\"@id\":\"https:\\\/\\\/motoleonardo.com\\\/?product=muc-off-spray-motorcycle-dry-chain-lube-tempo-seco-400ml\",\"url\":\"https:\\\/\\\/motoleonardo.com\\\/?product=muc-off-spray-motorcycle-dry-chain-lube-tempo-seco-400ml\",\"name\":\"Muc-Off Spray Corrente Dry Chain Lube (Tempo Seco e Humido) 400ml - Moto Leonardo\",\"isPartOf\":{\"@id\":\"https:\\\/\\\/motoleonardo.com\\\/#website\"},\"primaryImageOfPage\":{\"@id\":\"https:\\\/\\\/motoleonardo.com\\\/?product=muc-off-spray-motorcycle-dry-chain-lube-tempo-seco-400ml#primaryimage\"},\"image\":{\"@id\":\"https:\\\/\\\/motoleonardo.com\\\/?product=muc-off-spray-motorcycle-dry-chain-lube-tempo-seco-400ml#primaryimage\"},\"thumbnailUrl\":\"https:\\\/\\\/i0.wp.com\\\/motoleonardo.com\\\/wp-content\\\/uploads\\\/2024\\\/07\\\/muc-off-dry-chain.jpeg?fit=800%2C797&ssl=1\",\"datePublished\":\"2024-07-17T22:52:05+00:00\",\"dateModified\":\"2025-06-17T15:00:46+00:00\",\"breadcrumb\":{\"@id\":\"https:\\\/\\\/motoleonardo.com\\\/?product=muc-off-spray-motorcycle-dry-chain-lube-tempo-seco-400ml#breadcrumb\"},\"inLanguage\":\"pt-PT\",\"potentialAction\":[{\"@type\":\"ReadAction\",\"target\":[\"https:\\\/\\\/motoleonardo.com\\\/?product=muc-off-spray-motorcycle-dry-chain-lube-tempo-seco-400ml\"]}]},{\"@type\":\"ImageObject\",\"inLanguage\":\"pt-PT\",\"@id\":\"https:\\\/\\\/motoleonardo.com\\\/?product=muc-off-spray-motorcycle-dry-chain-lube-tempo-seco-400ml#primaryimage\",\"url\":\"https:\\\/\\\/i0.wp.com\\\/motoleonardo.com\\\/wp-content\\\/uploads\\\/2024\\\/07\\\/muc-off-dry-chain.jpeg?fit=800%2C797&ssl=1\",\"contentUrl\":\"https:\\\/\\\/i0.wp.com\\\/motoleonardo.com\\\/wp-content\\\/uploads\\\/2024\\\/07\\\/muc-off-dry-chain.jpeg?fit=800%2C797&ssl=1\",\"width\":800,\"height\":797},{\"@type\":\"BreadcrumbList\",\"@id\":\"https:\\\/\\\/motoleonardo.com\\\/?product=muc-off-spray-motorcycle-dry-chain-lube-tempo-seco-400ml#breadcrumb\",\"itemListElement\":[{\"@type\":\"ListItem\",\"position\":1,\"name\":\"In\u00edcio\",\"item\":\"https:\\\/\\\/motoleonardo.com\\\/\"},{\"@type\":\"ListItem\",\"position\":2,\"name\":\"Todas Categorias\",\"item\":\"https:\\\/\\\/motoleonardo.com\\\/?page_id=252\"},{\"@type\":\"ListItem\",\"position\":3,\"name\":\"Muc-Off Spray Corrente Dry Chain Lube (Tempo Seco e Humido) 400ml\"}]},{\"@type\":\"WebSite\",\"@id\":\"https:\\\/\\\/motoleonardo.com\\\/#website\",\"url\":\"https:\\\/\\\/motoleonardo.com\\\/\",\"name\":\"Moto Leonardo\",\"description\":\"Motas Novas e Usadas - Oficina Multimarcas - Pe\u00e7as, Acess\u00f3rios e Equipamento\",\"publisher\":{\"@id\":\"https:\\\/\\\/motoleonardo.com\\\/#organization\"},\"potentialAction\":[{\"@type\":\"SearchAction\",\"target\":{\"@type\":\"EntryPoint\",\"urlTemplate\":\"https:\\\/\\\/motoleonardo.com\\\/?s={search_term_string}\"},\"query-input\":{\"@type\":\"PropertyValueSpecification\",\"valueRequired\":true,\"valueName\":\"search_term_string\"}}],\"inLanguage\":\"pt-PT\"},{\"@type\":\"Organization\",\"@id\":\"https:\\\/\\\/motoleonardo.com\\\/#organization\",\"name\":\"Moto Leonardo\",\"url\":\"https:\\\/\\\/motoleonardo.com\\\/\",\"logo\":{\"@type\":\"ImageObject\",\"inLanguage\":\"pt-PT\",\"@id\":\"https:\\\/\\\/motoleonardo.com\\\/#\\\/schema\\\/logo\\\/image\\\/\",\"url\":\"https:\\\/\\\/i0.wp.com\\\/motoleonardo.com\\\/wp-content\\\/uploads\\\/2022\\\/10\\\/cropped-Professional-Initial-Letter-Typography-Logo.png?fit=512%2C512&ssl=1\",\"contentUrl\":\"https:\\\/\\\/i0.wp.com\\\/motoleonardo.com\\\/wp-content\\\/uploads\\\/2022\\\/10\\\/cropped-Professional-Initial-Letter-Typography-Logo.png?fit=512%2C512&ssl=1\",\"width\":512,\"height\":512,\"caption\":\"Moto Leonardo\"},\"image\":{\"@id\":\"https:\\\/\\\/motoleonardo.com\\\/#\\\/schema\\\/logo\\\/image\\\/\"},\"sameAs\":[\"https:\\\/\\\/www.facebook.com\\\/motoleonardopt\",\"https:\\\/\\\/www.instagram.com\\\/moto_leonardo\\\/\"]}]}<\/script>\n<!-- \/ Yoast SEO plugin. -->","yoast_head_json":{"title":"Muc-Off Spray Corrente Dry Chain Lube (Tempo Seco e Humido) 400ml - Moto Leonardo","robots":{"index":"index","follow":"follow","max-snippet":"max-snippet:-1","max-image-preview":"max-image-preview:large","max-video-preview":"max-video-preview:-1"},"canonical":"https:\/\/motoleonardo.com\/?product=muc-off-spray-motorcycle-dry-chain-lube-tempo-seco-400ml","og_locale":"pt_PT","og_type":"article","og_title":"Muc-Off Spray Corrente Dry Chain Lube (Tempo Seco e Humido) 400ml - Moto Leonardo","og_description":"Muc Off Dry Chain Lube \u00e9 formulado para suportar as press\u00f5es extremas que s\u00e3o aplicadas a uma corrente de mota. \u00c9 um lubrificante de corrente para clima seco altamente vers\u00e1til que possui qualidades de penetra\u00e7\u00e3o superiores, garantindo que todas as partes do elo da corrente sejam lubrificadas. Nossa avan\u00e7ada &#8216;F\u00f3rmula Seca&#8217; cria uma camada limpa, dur\u00e1vel e protetora que inibe a ferrugem e a corros\u00e3o, ao mesmo tempo que libera uma fragr\u00e2ncia fresca de banana! A f\u00f3rmula tem fric\u00e7\u00e3o de superf\u00edcie excecionalmente baixa para fornecer efici\u00eancia incr\u00edvel do sistema de transmiss\u00e3o sem atrair contaminantes. \u00c9 limpo e f\u00e1cil de usar. Perigo: Aerossol extremamente inflam\u00e1vel. Recipiente pressurizado. Pode explodir se aquecido. Causa irrita\u00e7\u00e3o na pele. Causa s\u00e9ria irrita\u00e7\u00e3o nos olhos. Pode causar sonol\u00eancia ou tonturas. T\u00f3xico para os organismos aqu\u00e1ticos com efeitos duradouros. Mantenha fora do alcance de crian\u00e7as Caracter\u00edsticas do produto: F\u00f3rmula de alto desempenho que deixa pel\u00edcula protetora seca e n\u00e3o pegajosa Seguro na estrutura, pe\u00e7as de metal, pl\u00e1sticos, borracha, tinta e fibra de carbono Elimina o excesso de umidade Impede a ades\u00e3o de sujeira Lubrificante leve reveste as pe\u00e7as m\u00f3veis R\u00e1pido e f\u00e1cil de usar Spray aerossol 400ml Cont\u00e9m corante UV para saber quando precisa ser untado ou se tem excesso de lubrifica\u00e7\u00e3o","og_url":"https:\/\/motoleonardo.com\/?product=muc-off-spray-motorcycle-dry-chain-lube-tempo-seco-400ml","og_site_name":"Moto Leonardo","article_publisher":"https:\/\/www.facebook.com\/motoleonardopt","article_modified_time":"2025-06-17T15:00:46+00:00","og_image":[{"width":800,"height":797,"url":"https:\/\/i0.wp.com\/motoleonardo.com\/wp-content\/uploads\/2024\/07\/muc-off-dry-chain.jpeg?fit=800%2C797&ssl=1","type":"image\/jpeg"}],"twitter_card":"summary_large_image","twitter_misc":{"Tempo estimado de leitura":"1 minuto"},"schema":{"@context":"https:\/\/schema.org","@graph":[{"@type":"WebPage","@id":"https:\/\/motoleonardo.com\/?product=muc-off-spray-motorcycle-dry-chain-lube-tempo-seco-400ml","url":"https:\/\/motoleonardo.com\/?product=muc-off-spray-motorcycle-dry-chain-lube-tempo-seco-400ml","name":"Muc-Off Spray Corrente Dry Chain Lube (Tempo Seco e Humido) 400ml - Moto Leonardo","isPartOf":{"@id":"https:\/\/motoleonardo.com\/#website"},"primaryImageOfPage":{"@id":"https:\/\/motoleonardo.com\/?product=muc-off-spray-motorcycle-dry-chain-lube-tempo-seco-400ml#primaryimage"},"image":{"@id":"https:\/\/motoleonardo.com\/?product=muc-off-spray-motorcycle-dry-chain-lube-tempo-seco-400ml#primaryimage"},"thumbnailUrl":"https:\/\/i0.wp.com\/motoleonardo.com\/wp-content\/uploads\/2024\/07\/muc-off-dry-chain.jpeg?fit=800%2C797&ssl=1","datePublished":"2024-07-17T22:52:05+00:00","dateModified":"2025-06-17T15:00:46+00:00","breadcrumb":{"@id":"https:\/\/motoleonardo.com\/?product=muc-off-spray-motorcycle-dry-chain-lube-tempo-seco-400ml#breadcrumb"},"inLanguage":"pt-PT","potentialAction":[{"@type":"ReadAction","target":["https:\/\/motoleonardo.com\/?product=muc-off-spray-motorcycle-dry-chain-lube-tempo-seco-400ml"]}]},{"@type":"ImageObject","inLanguage":"pt-PT","@id":"https:\/\/motoleonardo.com\/?product=muc-off-spray-motorcycle-dry-chain-lube-tempo-seco-400ml#primaryimage","url":"https:\/\/i0.wp.com\/motoleonardo.com\/wp-content\/uploads\/2024\/07\/muc-off-dry-chain.jpeg?fit=800%2C797&ssl=1","contentUrl":"https:\/\/i0.wp.com\/motoleonardo.com\/wp-content\/uploads\/2024\/07\/muc-off-dry-chain.jpeg?fit=800%2C797&ssl=1","width":800,"height":797},{"@type":"BreadcrumbList","@id":"https:\/\/motoleonardo.com\/?product=muc-off-spray-motorcycle-dry-chain-lube-tempo-seco-400ml#breadcrumb","itemListElement":[{"@type":"ListItem","position":1,"name":"In\u00edcio","item":"https:\/\/motoleonardo.com\/"},{"@type":"ListItem","position":2,"name":"Todas Categorias","item":"https:\/\/motoleonardo.com\/?page_id=252"},{"@type":"ListItem","position":3,"name":"Muc-Off Spray Corrente Dry Chain Lube (Tempo Seco e Humido) 400ml"}]},{"@type":"WebSite","@id":"https:\/\/motoleonardo.com\/#website","url":"https:\/\/motoleonardo.com\/","name":"Moto Leonardo","description":"Motas Novas e Usadas - Oficina Multimarcas - Pe\u00e7as, Acess\u00f3rios e Equipamento","publisher":{"@id":"https:\/\/motoleonardo.com\/#organization"},"potentialAction":[{"@type":"SearchAction","target":{"@type":"EntryPoint","urlTemplate":"https:\/\/motoleonardo.com\/?s={search_term_string}"},"query-input":{"@type":"PropertyValueSpecification","valueRequired":true,"valueName":"search_term_string"}}],"inLanguage":"pt-PT"},{"@type":"Organization","@id":"https:\/\/motoleonardo.com\/#organization","name":"Moto Leonardo","url":"https:\/\/motoleonardo.com\/","logo":{"@type":"ImageObject","inLanguage":"pt-PT","@id":"https:\/\/motoleonardo.com\/#\/schema\/logo\/image\/","url":"https:\/\/i0.wp.com\/motoleonardo.com\/wp-content\/uploads\/2022\/10\/cropped-Professional-Initial-Letter-Typography-Logo.png?fit=512%2C512&ssl=1","contentUrl":"https:\/\/i0.wp.com\/motoleonardo.com\/wp-content\/uploads\/2022\/10\/cropped-Professional-Initial-Letter-Typography-Logo.png?fit=512%2C512&ssl=1","width":512,"height":512,"caption":"Moto Leonardo"},"image":{"@id":"https:\/\/motoleonardo.com\/#\/schema\/logo\/image\/"},"sameAs":["https:\/\/www.facebook.com\/motoleonardopt","https:\/\/www.instagram.com\/moto_leonardo\/"]}]}},"jetpack_sharing_enabled":true,"_links":{"self":[{"href":"https:\/\/motoleonardo.com\/index.php?rest_route=\/wp\/v2\/product\/5426","targetHints":{"allow":["GET"]}}],"collection":[{"href":"https:\/\/motoleonardo.com\/index.php?rest_route=\/wp\/v2\/product"}],"about":[{"href":"https:\/\/motoleonardo.com\/index.php?rest_route=\/wp\/v2\/types\/product"}],"wp:featuredmedia":[{"embeddable":true,"href":"https:\/\/motoleonardo.com\/index.php?rest_route=\/wp\/v2\/media\/5427"}],"wp:attachment":[{"href":"https:\/\/motoleonardo.com\/index.php?rest_route=%2Fwp%2Fv2%2Fmedia&parent=5426"}],"wp:term":[{"taxonomy":"product_brand","embeddable":true,"href":"https:\/\/motoleonardo.com\/index.php?rest_route=%2Fwp%2Fv2%2Fproduct_brand&post=5426"},{"taxonomy":"product_cat","embeddable":true,"href":"https:\/\/motoleonardo.com\/index.php?rest_route=%2Fwp%2Fv2%2Fproduct_cat&post=5426"},{"taxonomy":"product_tag","embeddable":true,"href":"https:\/\/motoleonardo.com\/index.php?rest_route=%2Fwp%2Fv2%2Fproduct_tag&post=5426"}],"curies":[{"name":"wp","href":"https:\/\/api.w.org\/{rel}","templated":true}]}}