{"id":6507,"date":"2025-01-07T12:13:07","date_gmt":"2025-01-07T12:13:07","guid":{"rendered":"https:\/\/motoleonardo.com\/?post_type=product&#038;p=6507"},"modified":"2025-10-08T13:04:31","modified_gmt":"2025-10-08T13:04:31","slug":"bateria-bs-battery-btx7l-bs","status":"publish","type":"product","link":"https:\/\/motoleonardo.com\/?product=bateria-bs-battery-btx7l-bs","title":{"rendered":"Bateria BS Battery BTX7L-BS"},"content":{"rendered":"<p>Equivalente a YTX7L-BS<\/p>\n<table class=\" table table-borderless lighten mt-2\">\n<tbody>\n<tr class=\"separator\">\n<th>Tipo de bateria<\/th>\n<td class=\"col col-lg-8\">Livre de manuten\u00e7\u00e3o &#8211; AGM<\/td>\n<\/tr>\n<tr class=\"separator\">\n<th>Tens\u00e3o<\/th>\n<td class=\"col col-lg-8\">12V<\/td>\n<\/tr>\n<tr class=\"separator\">\n<th>Capacidade (Ah)<\/th>\n<td class=\"col col-lg-8\">6.3<\/td>\n<\/tr>\n<tr class=\"separator\">\n<th>CCA (A)<\/th>\n<td class=\"col col-lg-8\">100<\/td>\n<\/tr>\n<tr class=\"separator\">\n<th>Pack de \u00e1cido<\/th>\n<td class=\"col col-lg-8\">Sim<\/td>\n<\/tr>\n<\/tbody>\n<\/table>\n<p>&nbsp;<\/p>\n<p><strong>ADVERT\u00caNCIA:<\/strong> De acordo com a Diretiva UE 20197\/1148, este produto n\u00e3o pode ser vendido sem estar ativado por um profissional. A bateria ser\u00e1 ativada e carregada pela loja antes de ser enviado ao consumidor final. O \u00e1cido do produto trata-se de um precursor explosivo e n\u00e3o pode ser enviado em separado. O processo de ativa\u00e7\u00e3o demora 1 dia \u00fatil.<\/p>\n<p>BS BATTERY, o primeiro fabricante a oferecer a linha completa de baterias activadas de f\u00e1brica para desportos motorizados, sob o nome de produto \u201cSLA\u201d.<br \/>\nCom mais de 400 tipos de baterias que cobrem uma vasta gama de aplica\u00e7\u00f5es de desportos motorizados, as suas 6 subsidi\u00e1rias em todo o mundo e as suas 5 bases de produ\u00e7\u00e3o, a BS BATTERY tornou-se, em poucos anos, um dos maiores e mais inovadores fabricantes de baterias para desportos motorizados, presente tanto no campo OEM como no campo OES.<br \/>\nAtualmente, distribu\u00edda em mais de 80 pa\u00edses, a BS BATTERY \u00e9 um parceiro de confian\u00e7a dos principais distribuidores e fabricantes de ve\u00edculos.<\/p>\n<p><strong>Compromissos da BS BATTERY:<\/strong><br \/>\nINOVA\u00c7\u00c3O<br \/>\nQUALIDADE SUPERIOR<br \/>\nDESEMPENHO<\/p>\n<p>&nbsp;<\/p>\n<p>&nbsp;<\/p>\n","protected":false},"excerpt":{"rendered":"<p>Equivalente a YTX7L-BS Tipo de bateria Livre de manuten\u00e7\u00e3o &#8211; AGM Tens\u00e3o 12V Capacidade (Ah) 6.3 CCA (A) 100 Pack de \u00e1cido Sim &nbsp; ADVERT\u00caNCIA: De acordo com a Diretiva UE 20197\/1148, este produto n\u00e3o pode ser vendido sem estar ativado por um profissional. A bateria ser\u00e1 ativada e carregada pela loja antes de ser enviado ao consumidor final. O \u00e1cido do produto trata-se de um precursor explosivo e n\u00e3o pode ser enviado em separado. O processo de ativa\u00e7\u00e3o demora 1 dia \u00fatil. BS BATTERY, o primeiro fabricante a oferecer a linha completa de baterias activadas de f\u00e1brica para desportos motorizados, sob o nome de produto \u201cSLA\u201d. Com mais de 400 tipos de baterias que cobrem uma vasta gama de aplica\u00e7\u00f5es de desportos motorizados, as suas 6 subsidi\u00e1rias em todo o mundo e as suas 5 bases de produ\u00e7\u00e3o, a BS BATTERY tornou-se, em poucos anos, um dos maiores e mais inovadores fabricantes de baterias para desportos motorizados, presente tanto no campo OEM como no campo OES. Atualmente, distribu\u00edda em mais de 80 pa\u00edses, a BS BATTERY \u00e9 um parceiro de confian\u00e7a dos principais distribuidores e fabricantes de ve\u00edculos. Compromissos da BS BATTERY: INOVA\u00c7\u00c3O QUALIDADE SUPERIOR DESEMPENHO &nbsp; &nbsp;<\/p>\n","protected":false},"featured_media":6508,"template":"","meta":{"ocean_post_layout":"","ocean_both_sidebars_style":"","ocean_both_sidebars_content_width":0,"ocean_both_sidebars_sidebars_width":0,"ocean_sidebar":"0","ocean_second_sidebar":"0","ocean_disable_margins":"enable","ocean_add_body_class":"","ocean_shortcode_before_top_bar":"","ocean_shortcode_after_top_bar":"","ocean_shortcode_before_header":"","ocean_shortcode_after_header":"","ocean_has_shortcode":"","ocean_shortcode_after_title":"","ocean_shortcode_before_footer_widgets":"","ocean_shortcode_after_footer_widgets":"","ocean_shortcode_before_footer_bottom":"","ocean_shortcode_after_footer_bottom":"","ocean_display_top_bar":"default","ocean_display_header":"default","ocean_header_style":"","ocean_center_header_left_menu":"0","ocean_custom_header_template":"0","ocean_custom_logo":0,"ocean_custom_retina_logo":0,"ocean_custom_logo_max_width":0,"ocean_custom_logo_tablet_max_width":0,"ocean_custom_logo_mobile_max_width":0,"ocean_custom_logo_max_height":0,"ocean_custom_logo_tablet_max_height":0,"ocean_custom_logo_mobile_max_height":0,"ocean_header_custom_menu":"0","ocean_menu_typo_font_family":"0","ocean_menu_typo_font_subset":"","ocean_menu_typo_font_size":0,"ocean_menu_typo_font_size_tablet":0,"ocean_menu_typo_font_size_mobile":0,"ocean_menu_typo_font_size_unit":"px","ocean_menu_typo_font_weight":"","ocean_menu_typo_font_weight_tablet":"","ocean_menu_typo_font_weight_mobile":"","ocean_menu_typo_transform":"","ocean_menu_typo_transform_tablet":"","ocean_menu_typo_transform_mobile":"","ocean_menu_typo_line_height":0,"ocean_menu_typo_line_height_tablet":0,"ocean_menu_typo_line_height_mobile":0,"ocean_menu_typo_line_height_unit":"","ocean_menu_typo_spacing":0,"ocean_menu_typo_spacing_tablet":0,"ocean_menu_typo_spacing_mobile":0,"ocean_menu_typo_spacing_unit":"","ocean_menu_link_color":"","ocean_menu_link_color_hover":"","ocean_menu_link_color_active":"","ocean_menu_link_background":"","ocean_menu_link_hover_background":"","ocean_menu_link_active_background":"","ocean_menu_social_links_bg":"","ocean_menu_social_hover_links_bg":"","ocean_menu_social_links_color":"","ocean_menu_social_hover_links_color":"","ocean_disable_title":"default","ocean_disable_heading":"default","ocean_post_title":"","ocean_post_subheading":"","ocean_post_title_style":"","ocean_post_title_background_color":"","ocean_post_title_background":0,"ocean_post_title_bg_image_position":"","ocean_post_title_bg_image_attachment":"","ocean_post_title_bg_image_repeat":"","ocean_post_title_bg_image_size":"","ocean_post_title_height":0,"ocean_post_title_bg_overlay":0.5,"ocean_post_title_bg_overlay_color":"","ocean_disable_breadcrumbs":"default","ocean_breadcrumbs_color":"","ocean_breadcrumbs_separator_color":"","ocean_breadcrumbs_links_color":"","ocean_breadcrumbs_links_hover_color":"","ocean_display_footer_widgets":"default","ocean_display_footer_bottom":"default","ocean_custom_footer_template":"0","omw_enable_modal_window":"enable"},"product_brand":[821],"product_cat":[265,68],"product_tag":[487],"class_list":{"0":"post-6507","1":"product","2":"type-product","3":"status-publish","4":"has-post-thumbnail","6":"product_brand-bs-battery","7":"product_cat-baterias","8":"product_cat-manutencao","9":"product_tag-bs-battery","11":"entry","12":"has-media","14":"first","15":"instock","16":"shipping-taxable","17":"purchasable","18":"product-type-simple","19":"has-product-nav","20":"col","21":"span_1_of_4","22":"owp-content-right","23":"owp-thumbs-layout-horizontal","24":"owp-btn-normal","25":"owp-tabs-layout-horizontal"},"yoast_head":"<!-- This site is optimized with the Yoast SEO plugin v27.4 - https:\/\/yoast.com\/product\/yoast-seo-wordpress\/ -->\n<title>Bateria BS Battery BTX7L-BS - Moto Leonardo<\/title>\n<meta name=\"robots\" content=\"index, follow, max-snippet:-1, max-image-preview:large, max-video-preview:-1\" \/>\n<link rel=\"canonical\" href=\"https:\/\/motoleonardo.com\/?product=bateria-bs-battery-btx7l-bs\" \/>\n<meta property=\"og:locale\" content=\"pt_PT\" \/>\n<meta property=\"og:type\" content=\"article\" \/>\n<meta property=\"og:title\" content=\"Bateria BS Battery BTX7L-BS - Moto Leonardo\" \/>\n<meta property=\"og:description\" content=\"Equivalente a YTX7L-BS Tipo de bateria Livre de manuten\u00e7\u00e3o &#8211; AGM Tens\u00e3o 12V Capacidade (Ah) 6.3 CCA (A) 100 Pack de \u00e1cido Sim &nbsp; ADVERT\u00caNCIA: De acordo com a Diretiva UE 20197\/1148, este produto n\u00e3o pode ser vendido sem estar ativado por um profissional. A bateria ser\u00e1 ativada e carregada pela loja antes de ser enviado ao consumidor final. O \u00e1cido do produto trata-se de um precursor explosivo e n\u00e3o pode ser enviado em separado. O processo de ativa\u00e7\u00e3o demora 1 dia \u00fatil. BS BATTERY, o primeiro fabricante a oferecer a linha completa de baterias activadas de f\u00e1brica para desportos motorizados, sob o nome de produto \u201cSLA\u201d. Com mais de 400 tipos de baterias que cobrem uma vasta gama de aplica\u00e7\u00f5es de desportos motorizados, as suas 6 subsidi\u00e1rias em todo o mundo e as suas 5 bases de produ\u00e7\u00e3o, a BS BATTERY tornou-se, em poucos anos, um dos maiores e mais inovadores fabricantes de baterias para desportos motorizados, presente tanto no campo OEM como no campo OES. Atualmente, distribu\u00edda em mais de 80 pa\u00edses, a BS BATTERY \u00e9 um parceiro de confian\u00e7a dos principais distribuidores e fabricantes de ve\u00edculos. Compromissos da BS BATTERY: INOVA\u00c7\u00c3O QUALIDADE SUPERIOR DESEMPENHO &nbsp; &nbsp;\" \/>\n<meta property=\"og:url\" content=\"https:\/\/motoleonardo.com\/?product=bateria-bs-battery-btx7l-bs\" \/>\n<meta property=\"og:site_name\" content=\"Moto Leonardo\" \/>\n<meta property=\"article:publisher\" content=\"https:\/\/www.facebook.com\/motoleonardopt\" \/>\n<meta property=\"article:modified_time\" content=\"2025-10-08T13:04:31+00:00\" \/>\n<meta property=\"og:image\" content=\"https:\/\/i0.wp.com\/motoleonardo.com\/wp-content\/uploads\/2025\/01\/btx7l-bs.jpeg?fit=800%2C533&ssl=1\" \/>\n\t<meta property=\"og:image:width\" content=\"800\" \/>\n\t<meta property=\"og:image:height\" content=\"533\" \/>\n\t<meta property=\"og:image:type\" content=\"image\/jpeg\" \/>\n<meta name=\"twitter:card\" content=\"summary_large_image\" \/>\n<meta name=\"twitter:label1\" content=\"Tempo estimado de leitura\" \/>\n\t<meta name=\"twitter:data1\" content=\"1 minuto\" \/>\n<script type=\"application\/ld+json\" class=\"yoast-schema-graph\">{\"@context\":\"https:\\\/\\\/schema.org\",\"@graph\":[{\"@type\":\"WebPage\",\"@id\":\"https:\\\/\\\/motoleonardo.com\\\/?product=bateria-bs-battery-btx7l-bs\",\"url\":\"https:\\\/\\\/motoleonardo.com\\\/?product=bateria-bs-battery-btx7l-bs\",\"name\":\"Bateria BS Battery BTX7L-BS - Moto Leonardo\",\"isPartOf\":{\"@id\":\"https:\\\/\\\/motoleonardo.com\\\/#website\"},\"primaryImageOfPage\":{\"@id\":\"https:\\\/\\\/motoleonardo.com\\\/?product=bateria-bs-battery-btx7l-bs#primaryimage\"},\"image\":{\"@id\":\"https:\\\/\\\/motoleonardo.com\\\/?product=bateria-bs-battery-btx7l-bs#primaryimage\"},\"thumbnailUrl\":\"https:\\\/\\\/i0.wp.com\\\/motoleonardo.com\\\/wp-content\\\/uploads\\\/2025\\\/01\\\/btx7l-bs.jpeg?fit=800%2C533&ssl=1\",\"datePublished\":\"2025-01-07T12:13:07+00:00\",\"dateModified\":\"2025-10-08T13:04:31+00:00\",\"breadcrumb\":{\"@id\":\"https:\\\/\\\/motoleonardo.com\\\/?product=bateria-bs-battery-btx7l-bs#breadcrumb\"},\"inLanguage\":\"pt-PT\",\"potentialAction\":[{\"@type\":\"ReadAction\",\"target\":[\"https:\\\/\\\/motoleonardo.com\\\/?product=bateria-bs-battery-btx7l-bs\"]}]},{\"@type\":\"ImageObject\",\"inLanguage\":\"pt-PT\",\"@id\":\"https:\\\/\\\/motoleonardo.com\\\/?product=bateria-bs-battery-btx7l-bs#primaryimage\",\"url\":\"https:\\\/\\\/i0.wp.com\\\/motoleonardo.com\\\/wp-content\\\/uploads\\\/2025\\\/01\\\/btx7l-bs.jpeg?fit=800%2C533&ssl=1\",\"contentUrl\":\"https:\\\/\\\/i0.wp.com\\\/motoleonardo.com\\\/wp-content\\\/uploads\\\/2025\\\/01\\\/btx7l-bs.jpeg?fit=800%2C533&ssl=1\",\"width\":800,\"height\":533},{\"@type\":\"BreadcrumbList\",\"@id\":\"https:\\\/\\\/motoleonardo.com\\\/?product=bateria-bs-battery-btx7l-bs#breadcrumb\",\"itemListElement\":[{\"@type\":\"ListItem\",\"position\":1,\"name\":\"In\u00edcio\",\"item\":\"https:\\\/\\\/motoleonardo.com\\\/\"},{\"@type\":\"ListItem\",\"position\":2,\"name\":\"Todas Categorias\",\"item\":\"https:\\\/\\\/motoleonardo.com\\\/?page_id=252\"},{\"@type\":\"ListItem\",\"position\":3,\"name\":\"Bateria BS Battery BTX7L-BS\"}]},{\"@type\":\"WebSite\",\"@id\":\"https:\\\/\\\/motoleonardo.com\\\/#website\",\"url\":\"https:\\\/\\\/motoleonardo.com\\\/\",\"name\":\"Moto Leonardo\",\"description\":\"Motas Novas e Usadas - Oficina Multimarcas - Pe\u00e7as, Acess\u00f3rios e Equipamento\",\"publisher\":{\"@id\":\"https:\\\/\\\/motoleonardo.com\\\/#organization\"},\"potentialAction\":[{\"@type\":\"SearchAction\",\"target\":{\"@type\":\"EntryPoint\",\"urlTemplate\":\"https:\\\/\\\/motoleonardo.com\\\/?s={search_term_string}\"},\"query-input\":{\"@type\":\"PropertyValueSpecification\",\"valueRequired\":true,\"valueName\":\"search_term_string\"}}],\"inLanguage\":\"pt-PT\"},{\"@type\":\"Organization\",\"@id\":\"https:\\\/\\\/motoleonardo.com\\\/#organization\",\"name\":\"Moto Leonardo\",\"url\":\"https:\\\/\\\/motoleonardo.com\\\/\",\"logo\":{\"@type\":\"ImageObject\",\"inLanguage\":\"pt-PT\",\"@id\":\"https:\\\/\\\/motoleonardo.com\\\/#\\\/schema\\\/logo\\\/image\\\/\",\"url\":\"https:\\\/\\\/i0.wp.com\\\/motoleonardo.com\\\/wp-content\\\/uploads\\\/2022\\\/10\\\/cropped-Professional-Initial-Letter-Typography-Logo.png?fit=512%2C512&ssl=1\",\"contentUrl\":\"https:\\\/\\\/i0.wp.com\\\/motoleonardo.com\\\/wp-content\\\/uploads\\\/2022\\\/10\\\/cropped-Professional-Initial-Letter-Typography-Logo.png?fit=512%2C512&ssl=1\",\"width\":512,\"height\":512,\"caption\":\"Moto Leonardo\"},\"image\":{\"@id\":\"https:\\\/\\\/motoleonardo.com\\\/#\\\/schema\\\/logo\\\/image\\\/\"},\"sameAs\":[\"https:\\\/\\\/www.facebook.com\\\/motoleonardopt\",\"https:\\\/\\\/www.instagram.com\\\/moto_leonardo\\\/\"]}]}<\/script>\n<!-- \/ Yoast SEO plugin. -->","yoast_head_json":{"title":"Bateria BS Battery BTX7L-BS - Moto Leonardo","robots":{"index":"index","follow":"follow","max-snippet":"max-snippet:-1","max-image-preview":"max-image-preview:large","max-video-preview":"max-video-preview:-1"},"canonical":"https:\/\/motoleonardo.com\/?product=bateria-bs-battery-btx7l-bs","og_locale":"pt_PT","og_type":"article","og_title":"Bateria BS Battery BTX7L-BS - Moto Leonardo","og_description":"Equivalente a YTX7L-BS Tipo de bateria Livre de manuten\u00e7\u00e3o &#8211; AGM Tens\u00e3o 12V Capacidade (Ah) 6.3 CCA (A) 100 Pack de \u00e1cido Sim &nbsp; ADVERT\u00caNCIA: De acordo com a Diretiva UE 20197\/1148, este produto n\u00e3o pode ser vendido sem estar ativado por um profissional. A bateria ser\u00e1 ativada e carregada pela loja antes de ser enviado ao consumidor final. O \u00e1cido do produto trata-se de um precursor explosivo e n\u00e3o pode ser enviado em separado. O processo de ativa\u00e7\u00e3o demora 1 dia \u00fatil. BS BATTERY, o primeiro fabricante a oferecer a linha completa de baterias activadas de f\u00e1brica para desportos motorizados, sob o nome de produto \u201cSLA\u201d. Com mais de 400 tipos de baterias que cobrem uma vasta gama de aplica\u00e7\u00f5es de desportos motorizados, as suas 6 subsidi\u00e1rias em todo o mundo e as suas 5 bases de produ\u00e7\u00e3o, a BS BATTERY tornou-se, em poucos anos, um dos maiores e mais inovadores fabricantes de baterias para desportos motorizados, presente tanto no campo OEM como no campo OES. Atualmente, distribu\u00edda em mais de 80 pa\u00edses, a BS BATTERY \u00e9 um parceiro de confian\u00e7a dos principais distribuidores e fabricantes de ve\u00edculos. Compromissos da BS BATTERY: INOVA\u00c7\u00c3O QUALIDADE SUPERIOR DESEMPENHO &nbsp; &nbsp;","og_url":"https:\/\/motoleonardo.com\/?product=bateria-bs-battery-btx7l-bs","og_site_name":"Moto Leonardo","article_publisher":"https:\/\/www.facebook.com\/motoleonardopt","article_modified_time":"2025-10-08T13:04:31+00:00","og_image":[{"width":800,"height":533,"url":"https:\/\/i0.wp.com\/motoleonardo.com\/wp-content\/uploads\/2025\/01\/btx7l-bs.jpeg?fit=800%2C533&ssl=1","type":"image\/jpeg"}],"twitter_card":"summary_large_image","twitter_misc":{"Tempo estimado de leitura":"1 minuto"},"schema":{"@context":"https:\/\/schema.org","@graph":[{"@type":"WebPage","@id":"https:\/\/motoleonardo.com\/?product=bateria-bs-battery-btx7l-bs","url":"https:\/\/motoleonardo.com\/?product=bateria-bs-battery-btx7l-bs","name":"Bateria BS Battery BTX7L-BS - Moto Leonardo","isPartOf":{"@id":"https:\/\/motoleonardo.com\/#website"},"primaryImageOfPage":{"@id":"https:\/\/motoleonardo.com\/?product=bateria-bs-battery-btx7l-bs#primaryimage"},"image":{"@id":"https:\/\/motoleonardo.com\/?product=bateria-bs-battery-btx7l-bs#primaryimage"},"thumbnailUrl":"https:\/\/i0.wp.com\/motoleonardo.com\/wp-content\/uploads\/2025\/01\/btx7l-bs.jpeg?fit=800%2C533&ssl=1","datePublished":"2025-01-07T12:13:07+00:00","dateModified":"2025-10-08T13:04:31+00:00","breadcrumb":{"@id":"https:\/\/motoleonardo.com\/?product=bateria-bs-battery-btx7l-bs#breadcrumb"},"inLanguage":"pt-PT","potentialAction":[{"@type":"ReadAction","target":["https:\/\/motoleonardo.com\/?product=bateria-bs-battery-btx7l-bs"]}]},{"@type":"ImageObject","inLanguage":"pt-PT","@id":"https:\/\/motoleonardo.com\/?product=bateria-bs-battery-btx7l-bs#primaryimage","url":"https:\/\/i0.wp.com\/motoleonardo.com\/wp-content\/uploads\/2025\/01\/btx7l-bs.jpeg?fit=800%2C533&ssl=1","contentUrl":"https:\/\/i0.wp.com\/motoleonardo.com\/wp-content\/uploads\/2025\/01\/btx7l-bs.jpeg?fit=800%2C533&ssl=1","width":800,"height":533},{"@type":"BreadcrumbList","@id":"https:\/\/motoleonardo.com\/?product=bateria-bs-battery-btx7l-bs#breadcrumb","itemListElement":[{"@type":"ListItem","position":1,"name":"In\u00edcio","item":"https:\/\/motoleonardo.com\/"},{"@type":"ListItem","position":2,"name":"Todas Categorias","item":"https:\/\/motoleonardo.com\/?page_id=252"},{"@type":"ListItem","position":3,"name":"Bateria BS Battery BTX7L-BS"}]},{"@type":"WebSite","@id":"https:\/\/motoleonardo.com\/#website","url":"https:\/\/motoleonardo.com\/","name":"Moto Leonardo","description":"Motas Novas e Usadas - Oficina Multimarcas - Pe\u00e7as, Acess\u00f3rios e Equipamento","publisher":{"@id":"https:\/\/motoleonardo.com\/#organization"},"potentialAction":[{"@type":"SearchAction","target":{"@type":"EntryPoint","urlTemplate":"https:\/\/motoleonardo.com\/?s={search_term_string}"},"query-input":{"@type":"PropertyValueSpecification","valueRequired":true,"valueName":"search_term_string"}}],"inLanguage":"pt-PT"},{"@type":"Organization","@id":"https:\/\/motoleonardo.com\/#organization","name":"Moto Leonardo","url":"https:\/\/motoleonardo.com\/","logo":{"@type":"ImageObject","inLanguage":"pt-PT","@id":"https:\/\/motoleonardo.com\/#\/schema\/logo\/image\/","url":"https:\/\/i0.wp.com\/motoleonardo.com\/wp-content\/uploads\/2022\/10\/cropped-Professional-Initial-Letter-Typography-Logo.png?fit=512%2C512&ssl=1","contentUrl":"https:\/\/i0.wp.com\/motoleonardo.com\/wp-content\/uploads\/2022\/10\/cropped-Professional-Initial-Letter-Typography-Logo.png?fit=512%2C512&ssl=1","width":512,"height":512,"caption":"Moto Leonardo"},"image":{"@id":"https:\/\/motoleonardo.com\/#\/schema\/logo\/image\/"},"sameAs":["https:\/\/www.facebook.com\/motoleonardopt","https:\/\/www.instagram.com\/moto_leonardo\/"]}]}},"jetpack_sharing_enabled":true,"_links":{"self":[{"href":"https:\/\/motoleonardo.com\/index.php?rest_route=\/wp\/v2\/product\/6507","targetHints":{"allow":["GET"]}}],"collection":[{"href":"https:\/\/motoleonardo.com\/index.php?rest_route=\/wp\/v2\/product"}],"about":[{"href":"https:\/\/motoleonardo.com\/index.php?rest_route=\/wp\/v2\/types\/product"}],"wp:featuredmedia":[{"embeddable":true,"href":"https:\/\/motoleonardo.com\/index.php?rest_route=\/wp\/v2\/media\/6508"}],"wp:attachment":[{"href":"https:\/\/motoleonardo.com\/index.php?rest_route=%2Fwp%2Fv2%2Fmedia&parent=6507"}],"wp:term":[{"taxonomy":"product_brand","embeddable":true,"href":"https:\/\/motoleonardo.com\/index.php?rest_route=%2Fwp%2Fv2%2Fproduct_brand&post=6507"},{"taxonomy":"product_cat","embeddable":true,"href":"https:\/\/motoleonardo.com\/index.php?rest_route=%2Fwp%2Fv2%2Fproduct_cat&post=6507"},{"taxonomy":"product_tag","embeddable":true,"href":"https:\/\/motoleonardo.com\/index.php?rest_route=%2Fwp%2Fv2%2Fproduct_tag&post=6507"}],"curies":[{"name":"wp","href":"https:\/\/api.w.org\/{rel}","templated":true}]}}