{"id":8236,"date":"2025-07-21T10:55:40","date_gmt":"2025-07-21T10:55:40","guid":{"rendered":"https:\/\/motoleonardo.com\/?post_type=product&#038;p=8236"},"modified":"2025-11-12T16:53:26","modified_gmt":"2025-11-12T16:53:26","slug":"macbor-montana-xr1-125-evo-kit-3-malas-de-oferta","status":"publish","type":"product","link":"https:\/\/motoleonardo.com\/?product=macbor-montana-xr1-125-evo-kit-3-malas-de-oferta","title":{"rendered":"Macbor Montana XR1 125 EVO (Kit 3 malas de oferta)"},"content":{"rendered":"<p class=\"\" data-start=\"189\" data-end=\"342\"><strong>Macbor Montana XR1 125 EVO com Kit 3 malas de oferta<br \/>\nPVP:<\/strong> 3.699\u20ac<br \/>\nIVA inclu\u00eddo. Acresce Documenta\u00e7\u00e3o, Transporte, ISV e IUC.<\/p>\n<p><img data-recalc-dims=\"1\" fetchpriority=\"high\" decoding=\"async\" class=\"alignnone wp-image-8237 size-full\" src=\"https:\/\/i0.wp.com\/motoleonardo.com\/wp-content\/uploads\/2025\/07\/1744802402banner-xr1-125-evo-interior-pod.webp?resize=1200%2C283&#038;ssl=1\" alt=\"\" width=\"1200\" height=\"283\" srcset=\"https:\/\/i0.wp.com\/motoleonardo.com\/wp-content\/uploads\/2025\/07\/1744802402banner-xr1-125-evo-interior-pod.webp?w=1200&amp;ssl=1 1200w, https:\/\/i0.wp.com\/motoleonardo.com\/wp-content\/uploads\/2025\/07\/1744802402banner-xr1-125-evo-interior-pod.webp?resize=300%2C71&amp;ssl=1 300w, https:\/\/i0.wp.com\/motoleonardo.com\/wp-content\/uploads\/2025\/07\/1744802402banner-xr1-125-evo-interior-pod.webp?resize=1024%2C241&amp;ssl=1 1024w, https:\/\/i0.wp.com\/motoleonardo.com\/wp-content\/uploads\/2025\/07\/1744802402banner-xr1-125-evo-interior-pod.webp?resize=768%2C181&amp;ssl=1 768w, https:\/\/i0.wp.com\/motoleonardo.com\/wp-content\/uploads\/2025\/07\/1744802402banner-xr1-125-evo-interior-pod.webp?resize=454%2C107&amp;ssl=1 454w\" sizes=\"(max-width: 1200px) 100vw, 1200px\" \/><\/p>\n<p>A nova\u00a0<strong>Montana XR1 125 EVO<\/strong> \u00e9 mais do que uma evolu\u00e7\u00e3o. \u00c9 a resposta para quem vive a moto como uma forma de ser, e n\u00e3o apenas como um meio de transporte. &#8211; designed in Barcelona. Inclui um\u00a0<strong>kit de 3 malas, crash bars, prote\u00e7\u00e3o de c\u00e1rter e descanso central<\/strong>.<\/p>\n<p>A nova vers\u00e3o 2025 incorpora um motor de\u00a0<strong>125cc<\/strong>\u00a0com\u00a0<strong>15 CV<\/strong>, homologa\u00e7\u00e3o\u00a0<strong>Euro 5+<\/strong>\u00a0e\u00a0<strong>refrigera\u00e7\u00e3o l\u00edquida<\/strong>, oferecendo o m\u00e1ximo desempenho permitido para a carta A1. O\u00a0<strong>novo painel TFT de 5\u2019\u2019 com conectividade<em data-start=\"508\" data-end=\"519\">mirroring<\/em><\/strong>atrav\u00e9s da app\u00a0<strong>Carbit Ride<\/strong> permite estar sempre ligado ao smartphone sem perder de vista o que realmente importa. Agora \u00e9 poss\u00edvel adaptar a condu\u00e7\u00e3o a cada estilo gra\u00e7as ao <strong>sistema de travagem ABS de dois canais com tr\u00eas modos desconec\u00e1veis<\/strong>, bem como ao\u00a0<strong>sistema TCS tamb\u00e9m desconect\u00e1vel<\/strong>, pensado para conduzir com confian\u00e7a tanto dentro como fora do asfalto.<\/p>\n<div class=\"col-md-5\">\n<p class=\"\" data-start=\"1116\" data-end=\"1162\"><strong>Mais preparada, mais equipada, mais aut\u00eantica<\/strong>.<\/p>\n<\/div>\n<p>\u27a1\ufe0f\u00a0Carta de carro B ou de mota A1<br \/>\n\u27a1\ufe0f\u00a0Possibilidade de financiamento<br \/>\n\u27a1\ufe0f\u00a0Entrega em casa<br \/>\n\u27a1\ufe0f\u00a0Oficina para assist\u00eancia e manuten\u00e7\u00e3o<br \/>\n\u27a1\ufe0f\u00a0Garantia 36 meses de f\u00e1brica<\/p>\n<p>Informa\u00e7\u00e3o:<br \/>\n\u2705 Kit Malas e Top Case (S\u00e9rie)<br \/>\n\u2705 Painel TFT de 5\u2019\u2019 com indicador de marcha, conectividade e mirroring atrav\u00e9s da app Carbit Ride<br \/>\n\u2705 Sistema de travagem ABS de dois canais com tr\u00eas modos desconect\u00e1veis (ABS ON, ABS OFF, Roda traseira OFF\u200b)<br \/>\n\u2705 Sistema TCS (Controlo de Tra\u00e7\u00e3o) desconect\u00e1vel<br \/>\n\u2705 Crash bars<br \/>\n\u2705 Descanso central<br \/>\n\u2705 Peseiras de tipo \u201cplataforma\u201d avan\u00e7adas<br \/>\n\u2705 Forquilha invertida<br \/>\n\u2705 Jantes raiadas de alum\u00ednio tubless<br \/>\n\u2705 Ilumina\u00e7\u00e3o Full LED<br \/>\n\u2705 Tomada USB<\/p>\n<p>Caracter\u00edsticas:<br \/>\n\u2705 Motor 125cc a 4 tempos | 11 kW (15 CV) \/ 9500 rpm | 11 Nm a 7.500 rpm<br \/>\n\u2705 14 Litros de Capacidade do deposito combust\u00edvel<br \/>\n\u2705 Altura do assento 780 mm<br \/>\n\u2705 Dist\u00e2ncia m\u00ednima ao solo<br \/>\n\u2705 Suspens\u00e3o dianteira: Forquilha invertida hidr\u00e1ulica di\u00e2m. 37 mm. Curso 120 mm<br \/>\n\u2705 Suspens\u00e3o traseira: Mono-amortecedor hidr\u00e1ulico ajust\u00e1vel em pr\u00e9-carga<\/p>\n","protected":false},"excerpt":{"rendered":"<p>Macbor Montana XR1 125 EVO com Kit 3 malas de oferta PVP: 3.699\u20ac IVA inclu\u00eddo. Acresce Documenta\u00e7\u00e3o, Transporte, ISV e IUC. A nova\u00a0Montana XR1 125 EVO \u00e9 mais do que uma evolu\u00e7\u00e3o. \u00c9 a resposta para quem vive a moto como uma forma de ser, e n\u00e3o apenas como um meio de transporte. &#8211; designed in Barcelona. Inclui um\u00a0kit de 3 malas, crash bars, prote\u00e7\u00e3o de c\u00e1rter e descanso central. A nova vers\u00e3o 2025 incorpora um motor de\u00a0125cc\u00a0com\u00a015 CV, homologa\u00e7\u00e3o\u00a0Euro 5+\u00a0e\u00a0refrigera\u00e7\u00e3o l\u00edquida, oferecendo o m\u00e1ximo desempenho permitido para a carta A1. O\u00a0novo painel TFT de 5\u2019\u2019 com conectividademirroringatrav\u00e9s da app\u00a0Carbit Ride permite estar sempre ligado ao smartphone sem perder de vista o que realmente importa. Agora \u00e9 poss\u00edvel adaptar a condu\u00e7\u00e3o a cada estilo gra\u00e7as ao sistema de travagem ABS de dois canais com tr\u00eas modos desconec\u00e1veis, bem como ao\u00a0sistema TCS tamb\u00e9m desconect\u00e1vel, pensado para conduzir com confian\u00e7a tanto dentro como fora do asfalto. Mais preparada, mais equipada, mais aut\u00eantica. \u27a1\ufe0f\u00a0Carta de carro B ou de mota A1 \u27a1\ufe0f\u00a0Possibilidade de financiamento \u27a1\ufe0f\u00a0Entrega em casa \u27a1\ufe0f\u00a0Oficina para assist\u00eancia e manuten\u00e7\u00e3o \u27a1\ufe0f\u00a0Garantia 36 meses de f\u00e1brica Informa\u00e7\u00e3o: \u2705 Kit Malas e Top Case (S\u00e9rie) \u2705 Painel TFT de 5\u2019\u2019 com indicador de marcha, conectividade e mirroring atrav\u00e9s da app Carbit Ride \u2705 Sistema de travagem ABS de dois canais com tr\u00eas modos desconect\u00e1veis (ABS ON, ABS OFF, Roda traseira OFF\u200b) \u2705 Sistema TCS (Controlo de Tra\u00e7\u00e3o) desconect\u00e1vel \u2705 Crash bars \u2705 Descanso central \u2705 Peseiras de tipo \u201cplataforma\u201d avan\u00e7adas \u2705 Forquilha invertida \u2705 Jantes raiadas de alum\u00ednio tubless \u2705 Ilumina\u00e7\u00e3o Full LED \u2705 Tomada USB Caracter\u00edsticas: \u2705 Motor 125cc a 4 tempos | 11 kW (15 CV) \/ 9500 rpm | 11 Nm a 7.500 rpm \u2705 14 Litros de Capacidade do deposito combust\u00edvel \u2705 Altura do assento 780 mm \u2705 Dist\u00e2ncia m\u00ednima ao solo \u2705 Suspens\u00e3o dianteira: Forquilha invertida hidr\u00e1ulica di\u00e2m. 37 mm. Curso 120 mm \u2705 Suspens\u00e3o traseira: Mono-amortecedor hidr\u00e1ulico ajust\u00e1vel em pr\u00e9-carga<\/p>\n","protected":false},"featured_media":8253,"template":"","meta":{"ocean_post_layout":"","ocean_both_sidebars_style":"","ocean_both_sidebars_content_width":0,"ocean_both_sidebars_sidebars_width":0,"ocean_sidebar":"0","ocean_second_sidebar":"0","ocean_disable_margins":"enable","ocean_add_body_class":"","ocean_shortcode_before_top_bar":"","ocean_shortcode_after_top_bar":"","ocean_shortcode_before_header":"","ocean_shortcode_after_header":"","ocean_has_shortcode":"","ocean_shortcode_after_title":"","ocean_shortcode_before_footer_widgets":"","ocean_shortcode_after_footer_widgets":"","ocean_shortcode_before_footer_bottom":"","ocean_shortcode_after_footer_bottom":"","ocean_display_top_bar":"default","ocean_display_header":"default","ocean_header_style":"","ocean_center_header_left_menu":"0","ocean_custom_header_template":"0","ocean_custom_logo":0,"ocean_custom_retina_logo":0,"ocean_custom_logo_max_width":0,"ocean_custom_logo_tablet_max_width":0,"ocean_custom_logo_mobile_max_width":0,"ocean_custom_logo_max_height":0,"ocean_custom_logo_tablet_max_height":0,"ocean_custom_logo_mobile_max_height":0,"ocean_header_custom_menu":"0","ocean_menu_typo_font_family":"0","ocean_menu_typo_font_subset":"","ocean_menu_typo_font_size":0,"ocean_menu_typo_font_size_tablet":0,"ocean_menu_typo_font_size_mobile":0,"ocean_menu_typo_font_size_unit":"px","ocean_menu_typo_font_weight":"","ocean_menu_typo_font_weight_tablet":"","ocean_menu_typo_font_weight_mobile":"","ocean_menu_typo_transform":"","ocean_menu_typo_transform_tablet":"","ocean_menu_typo_transform_mobile":"","ocean_menu_typo_line_height":0,"ocean_menu_typo_line_height_tablet":0,"ocean_menu_typo_line_height_mobile":0,"ocean_menu_typo_line_height_unit":"","ocean_menu_typo_spacing":0,"ocean_menu_typo_spacing_tablet":0,"ocean_menu_typo_spacing_mobile":0,"ocean_menu_typo_spacing_unit":"","ocean_menu_link_color":"","ocean_menu_link_color_hover":"","ocean_menu_link_color_active":"","ocean_menu_link_background":"","ocean_menu_link_hover_background":"","ocean_menu_link_active_background":"","ocean_menu_social_links_bg":"","ocean_menu_social_hover_links_bg":"","ocean_menu_social_links_color":"","ocean_menu_social_hover_links_color":"","ocean_disable_title":"default","ocean_disable_heading":"default","ocean_post_title":"","ocean_post_subheading":"","ocean_post_title_style":"","ocean_post_title_background_color":"","ocean_post_title_background":0,"ocean_post_title_bg_image_position":"","ocean_post_title_bg_image_attachment":"","ocean_post_title_bg_image_repeat":"","ocean_post_title_bg_image_size":"","ocean_post_title_height":0,"ocean_post_title_bg_overlay":0.5,"ocean_post_title_bg_overlay_color":"","ocean_disable_breadcrumbs":"default","ocean_breadcrumbs_color":"","ocean_breadcrumbs_separator_color":"","ocean_breadcrumbs_links_color":"","ocean_breadcrumbs_links_hover_color":"","ocean_display_footer_widgets":"default","ocean_display_footer_bottom":"default","ocean_custom_footer_template":"0","omw_enable_modal_window":"enable"},"product_brand":[],"product_cat":[742,814,738],"product_tag":[815],"class_list":{"0":"post-8236","1":"product","2":"type-product","3":"status-publish","4":"has-post-thumbnail","6":"product_cat-ate-125cc","7":"product_cat-macbor","8":"product_cat-motas-novas","9":"product_tag-macbor","11":"entry","12":"has-media","14":"first","15":"instock","16":"shipping-taxable","17":"purchasable","18":"product-type-simple","19":"has-product-nav","20":"col","21":"span_1_of_4","22":"owp-content-right","23":"owp-thumbs-layout-horizontal","24":"owp-btn-normal","25":"owp-tabs-layout-horizontal"},"yoast_head":"<!-- This site is optimized with the Yoast SEO plugin v27.4 - https:\/\/yoast.com\/product\/yoast-seo-wordpress\/ -->\n<title>Macbor Montana XR1 125 EVO (Kit 3 malas de oferta) - Moto Leonardo<\/title>\n<meta name=\"robots\" content=\"index, follow, max-snippet:-1, max-image-preview:large, max-video-preview:-1\" \/>\n<link rel=\"canonical\" href=\"https:\/\/motoleonardo.com\/?product=macbor-montana-xr1-125-evo-kit-3-malas-de-oferta\" \/>\n<meta property=\"og:locale\" content=\"pt_PT\" \/>\n<meta property=\"og:type\" content=\"article\" \/>\n<meta property=\"og:title\" content=\"Macbor Montana XR1 125 EVO (Kit 3 malas de oferta) - Moto Leonardo\" \/>\n<meta property=\"og:description\" content=\"Macbor Montana XR1 125 EVO com Kit 3 malas de oferta PVP: 3.699\u20ac IVA inclu\u00eddo. Acresce Documenta\u00e7\u00e3o, Transporte, ISV e IUC. A nova\u00a0Montana XR1 125 EVO \u00e9 mais do que uma evolu\u00e7\u00e3o. \u00c9 a resposta para quem vive a moto como uma forma de ser, e n\u00e3o apenas como um meio de transporte. &#8211; designed in Barcelona. Inclui um\u00a0kit de 3 malas, crash bars, prote\u00e7\u00e3o de c\u00e1rter e descanso central. A nova vers\u00e3o 2025 incorpora um motor de\u00a0125cc\u00a0com\u00a015 CV, homologa\u00e7\u00e3o\u00a0Euro 5+\u00a0e\u00a0refrigera\u00e7\u00e3o l\u00edquida, oferecendo o m\u00e1ximo desempenho permitido para a carta A1. O\u00a0novo painel TFT de 5\u2019\u2019 com conectividademirroringatrav\u00e9s da app\u00a0Carbit Ride permite estar sempre ligado ao smartphone sem perder de vista o que realmente importa. Agora \u00e9 poss\u00edvel adaptar a condu\u00e7\u00e3o a cada estilo gra\u00e7as ao sistema de travagem ABS de dois canais com tr\u00eas modos desconec\u00e1veis, bem como ao\u00a0sistema TCS tamb\u00e9m desconect\u00e1vel, pensado para conduzir com confian\u00e7a tanto dentro como fora do asfalto. Mais preparada, mais equipada, mais aut\u00eantica. \u27a1\ufe0f\u00a0Carta de carro B ou de mota A1 \u27a1\ufe0f\u00a0Possibilidade de financiamento \u27a1\ufe0f\u00a0Entrega em casa \u27a1\ufe0f\u00a0Oficina para assist\u00eancia e manuten\u00e7\u00e3o \u27a1\ufe0f\u00a0Garantia 36 meses de f\u00e1brica Informa\u00e7\u00e3o: \u2705 Kit Malas e Top Case (S\u00e9rie) \u2705 Painel TFT de 5\u2019\u2019 com indicador de marcha, conectividade e mirroring atrav\u00e9s da app Carbit Ride \u2705 Sistema de travagem ABS de dois canais com tr\u00eas modos desconect\u00e1veis (ABS ON, ABS OFF, Roda traseira OFF\u200b) \u2705 Sistema TCS (Controlo de Tra\u00e7\u00e3o) desconect\u00e1vel \u2705 Crash bars \u2705 Descanso central \u2705 Peseiras de tipo \u201cplataforma\u201d avan\u00e7adas \u2705 Forquilha invertida \u2705 Jantes raiadas de alum\u00ednio tubless \u2705 Ilumina\u00e7\u00e3o Full LED \u2705 Tomada USB Caracter\u00edsticas: \u2705 Motor 125cc a 4 tempos | 11 kW (15 CV) \/ 9500 rpm | 11 Nm a 7.500 rpm \u2705 14 Litros de Capacidade do deposito combust\u00edvel \u2705 Altura do assento 780 mm \u2705 Dist\u00e2ncia m\u00ednima ao solo \u2705 Suspens\u00e3o dianteira: Forquilha invertida hidr\u00e1ulica di\u00e2m. 37 mm. Curso 120 mm \u2705 Suspens\u00e3o traseira: Mono-amortecedor hidr\u00e1ulico ajust\u00e1vel em pr\u00e9-carga\" \/>\n<meta property=\"og:url\" content=\"https:\/\/motoleonardo.com\/?product=macbor-montana-xr1-125-evo-kit-3-malas-de-oferta\" \/>\n<meta property=\"og:site_name\" content=\"Moto Leonardo\" \/>\n<meta property=\"article:publisher\" content=\"https:\/\/www.facebook.com\/motoleonardopt\" \/>\n<meta property=\"article:modified_time\" content=\"2025-11-12T16:53:26+00:00\" \/>\n<meta property=\"og:image\" content=\"https:\/\/i0.wp.com\/motoleonardo.com\/wp-content\/uploads\/2025\/07\/med_fit_macbor-montana-xr1-125-evo-vista-3-4-derecho-negro-1-photoroom.webp?fit=1000%2C800&ssl=1\" \/>\n\t<meta property=\"og:image:width\" content=\"1000\" \/>\n\t<meta property=\"og:image:height\" content=\"800\" \/>\n\t<meta property=\"og:image:type\" content=\"image\/webp\" \/>\n<meta name=\"twitter:card\" content=\"summary_large_image\" \/>\n<meta name=\"twitter:label1\" content=\"Tempo estimado de leitura\" \/>\n\t<meta name=\"twitter:data1\" content=\"2 minutos\" \/>\n<script type=\"application\/ld+json\" class=\"yoast-schema-graph\">{\"@context\":\"https:\\\/\\\/schema.org\",\"@graph\":[{\"@type\":\"WebPage\",\"@id\":\"https:\\\/\\\/motoleonardo.com\\\/?product=macbor-montana-xr1-125-evo-kit-3-malas-de-oferta\",\"url\":\"https:\\\/\\\/motoleonardo.com\\\/?product=macbor-montana-xr1-125-evo-kit-3-malas-de-oferta\",\"name\":\"Macbor Montana XR1 125 EVO (Kit 3 malas de oferta) - Moto Leonardo\",\"isPartOf\":{\"@id\":\"https:\\\/\\\/motoleonardo.com\\\/#website\"},\"primaryImageOfPage\":{\"@id\":\"https:\\\/\\\/motoleonardo.com\\\/?product=macbor-montana-xr1-125-evo-kit-3-malas-de-oferta#primaryimage\"},\"image\":{\"@id\":\"https:\\\/\\\/motoleonardo.com\\\/?product=macbor-montana-xr1-125-evo-kit-3-malas-de-oferta#primaryimage\"},\"thumbnailUrl\":\"https:\\\/\\\/i0.wp.com\\\/motoleonardo.com\\\/wp-content\\\/uploads\\\/2025\\\/07\\\/med_fit_macbor-montana-xr1-125-evo-vista-3-4-derecho-negro-1-photoroom.webp?fit=1000%2C800&ssl=1\",\"datePublished\":\"2025-07-21T10:55:40+00:00\",\"dateModified\":\"2025-11-12T16:53:26+00:00\",\"breadcrumb\":{\"@id\":\"https:\\\/\\\/motoleonardo.com\\\/?product=macbor-montana-xr1-125-evo-kit-3-malas-de-oferta#breadcrumb\"},\"inLanguage\":\"pt-PT\",\"potentialAction\":[{\"@type\":\"ReadAction\",\"target\":[\"https:\\\/\\\/motoleonardo.com\\\/?product=macbor-montana-xr1-125-evo-kit-3-malas-de-oferta\"]}]},{\"@type\":\"ImageObject\",\"inLanguage\":\"pt-PT\",\"@id\":\"https:\\\/\\\/motoleonardo.com\\\/?product=macbor-montana-xr1-125-evo-kit-3-malas-de-oferta#primaryimage\",\"url\":\"https:\\\/\\\/i0.wp.com\\\/motoleonardo.com\\\/wp-content\\\/uploads\\\/2025\\\/07\\\/med_fit_macbor-montana-xr1-125-evo-vista-3-4-derecho-negro-1-photoroom.webp?fit=1000%2C800&ssl=1\",\"contentUrl\":\"https:\\\/\\\/i0.wp.com\\\/motoleonardo.com\\\/wp-content\\\/uploads\\\/2025\\\/07\\\/med_fit_macbor-montana-xr1-125-evo-vista-3-4-derecho-negro-1-photoroom.webp?fit=1000%2C800&ssl=1\",\"width\":1000,\"height\":800},{\"@type\":\"BreadcrumbList\",\"@id\":\"https:\\\/\\\/motoleonardo.com\\\/?product=macbor-montana-xr1-125-evo-kit-3-malas-de-oferta#breadcrumb\",\"itemListElement\":[{\"@type\":\"ListItem\",\"position\":1,\"name\":\"In\u00edcio\",\"item\":\"https:\\\/\\\/motoleonardo.com\\\/\"},{\"@type\":\"ListItem\",\"position\":2,\"name\":\"Todas Categorias\",\"item\":\"https:\\\/\\\/motoleonardo.com\\\/?page_id=252\"},{\"@type\":\"ListItem\",\"position\":3,\"name\":\"Macbor Montana XR1 125 EVO (Kit 3 malas de oferta)\"}]},{\"@type\":\"WebSite\",\"@id\":\"https:\\\/\\\/motoleonardo.com\\\/#website\",\"url\":\"https:\\\/\\\/motoleonardo.com\\\/\",\"name\":\"Moto Leonardo\",\"description\":\"Motas Novas e Usadas - Oficina Multimarcas - Pe\u00e7as, Acess\u00f3rios e Equipamento\",\"publisher\":{\"@id\":\"https:\\\/\\\/motoleonardo.com\\\/#organization\"},\"potentialAction\":[{\"@type\":\"SearchAction\",\"target\":{\"@type\":\"EntryPoint\",\"urlTemplate\":\"https:\\\/\\\/motoleonardo.com\\\/?s={search_term_string}\"},\"query-input\":{\"@type\":\"PropertyValueSpecification\",\"valueRequired\":true,\"valueName\":\"search_term_string\"}}],\"inLanguage\":\"pt-PT\"},{\"@type\":\"Organization\",\"@id\":\"https:\\\/\\\/motoleonardo.com\\\/#organization\",\"name\":\"Moto Leonardo\",\"url\":\"https:\\\/\\\/motoleonardo.com\\\/\",\"logo\":{\"@type\":\"ImageObject\",\"inLanguage\":\"pt-PT\",\"@id\":\"https:\\\/\\\/motoleonardo.com\\\/#\\\/schema\\\/logo\\\/image\\\/\",\"url\":\"https:\\\/\\\/i0.wp.com\\\/motoleonardo.com\\\/wp-content\\\/uploads\\\/2022\\\/10\\\/cropped-Professional-Initial-Letter-Typography-Logo.png?fit=512%2C512&ssl=1\",\"contentUrl\":\"https:\\\/\\\/i0.wp.com\\\/motoleonardo.com\\\/wp-content\\\/uploads\\\/2022\\\/10\\\/cropped-Professional-Initial-Letter-Typography-Logo.png?fit=512%2C512&ssl=1\",\"width\":512,\"height\":512,\"caption\":\"Moto Leonardo\"},\"image\":{\"@id\":\"https:\\\/\\\/motoleonardo.com\\\/#\\\/schema\\\/logo\\\/image\\\/\"},\"sameAs\":[\"https:\\\/\\\/www.facebook.com\\\/motoleonardopt\",\"https:\\\/\\\/www.instagram.com\\\/moto_leonardo\\\/\"]}]}<\/script>\n<!-- \/ Yoast SEO plugin. -->","yoast_head_json":{"title":"Macbor Montana XR1 125 EVO (Kit 3 malas de oferta) - Moto Leonardo","robots":{"index":"index","follow":"follow","max-snippet":"max-snippet:-1","max-image-preview":"max-image-preview:large","max-video-preview":"max-video-preview:-1"},"canonical":"https:\/\/motoleonardo.com\/?product=macbor-montana-xr1-125-evo-kit-3-malas-de-oferta","og_locale":"pt_PT","og_type":"article","og_title":"Macbor Montana XR1 125 EVO (Kit 3 malas de oferta) - Moto Leonardo","og_description":"Macbor Montana XR1 125 EVO com Kit 3 malas de oferta PVP: 3.699\u20ac IVA inclu\u00eddo. Acresce Documenta\u00e7\u00e3o, Transporte, ISV e IUC. A nova\u00a0Montana XR1 125 EVO \u00e9 mais do que uma evolu\u00e7\u00e3o. \u00c9 a resposta para quem vive a moto como uma forma de ser, e n\u00e3o apenas como um meio de transporte. &#8211; designed in Barcelona. Inclui um\u00a0kit de 3 malas, crash bars, prote\u00e7\u00e3o de c\u00e1rter e descanso central. A nova vers\u00e3o 2025 incorpora um motor de\u00a0125cc\u00a0com\u00a015 CV, homologa\u00e7\u00e3o\u00a0Euro 5+\u00a0e\u00a0refrigera\u00e7\u00e3o l\u00edquida, oferecendo o m\u00e1ximo desempenho permitido para a carta A1. O\u00a0novo painel TFT de 5\u2019\u2019 com conectividademirroringatrav\u00e9s da app\u00a0Carbit Ride permite estar sempre ligado ao smartphone sem perder de vista o que realmente importa. Agora \u00e9 poss\u00edvel adaptar a condu\u00e7\u00e3o a cada estilo gra\u00e7as ao sistema de travagem ABS de dois canais com tr\u00eas modos desconec\u00e1veis, bem como ao\u00a0sistema TCS tamb\u00e9m desconect\u00e1vel, pensado para conduzir com confian\u00e7a tanto dentro como fora do asfalto. Mais preparada, mais equipada, mais aut\u00eantica. \u27a1\ufe0f\u00a0Carta de carro B ou de mota A1 \u27a1\ufe0f\u00a0Possibilidade de financiamento \u27a1\ufe0f\u00a0Entrega em casa \u27a1\ufe0f\u00a0Oficina para assist\u00eancia e manuten\u00e7\u00e3o \u27a1\ufe0f\u00a0Garantia 36 meses de f\u00e1brica Informa\u00e7\u00e3o: \u2705 Kit Malas e Top Case (S\u00e9rie) \u2705 Painel TFT de 5\u2019\u2019 com indicador de marcha, conectividade e mirroring atrav\u00e9s da app Carbit Ride \u2705 Sistema de travagem ABS de dois canais com tr\u00eas modos desconect\u00e1veis (ABS ON, ABS OFF, Roda traseira OFF\u200b) \u2705 Sistema TCS (Controlo de Tra\u00e7\u00e3o) desconect\u00e1vel \u2705 Crash bars \u2705 Descanso central \u2705 Peseiras de tipo \u201cplataforma\u201d avan\u00e7adas \u2705 Forquilha invertida \u2705 Jantes raiadas de alum\u00ednio tubless \u2705 Ilumina\u00e7\u00e3o Full LED \u2705 Tomada USB Caracter\u00edsticas: \u2705 Motor 125cc a 4 tempos | 11 kW (15 CV) \/ 9500 rpm | 11 Nm a 7.500 rpm \u2705 14 Litros de Capacidade do deposito combust\u00edvel \u2705 Altura do assento 780 mm \u2705 Dist\u00e2ncia m\u00ednima ao solo \u2705 Suspens\u00e3o dianteira: Forquilha invertida hidr\u00e1ulica di\u00e2m. 37 mm. Curso 120 mm \u2705 Suspens\u00e3o traseira: Mono-amortecedor hidr\u00e1ulico ajust\u00e1vel em pr\u00e9-carga","og_url":"https:\/\/motoleonardo.com\/?product=macbor-montana-xr1-125-evo-kit-3-malas-de-oferta","og_site_name":"Moto Leonardo","article_publisher":"https:\/\/www.facebook.com\/motoleonardopt","article_modified_time":"2025-11-12T16:53:26+00:00","og_image":[{"width":1000,"height":800,"url":"https:\/\/i0.wp.com\/motoleonardo.com\/wp-content\/uploads\/2025\/07\/med_fit_macbor-montana-xr1-125-evo-vista-3-4-derecho-negro-1-photoroom.webp?fit=1000%2C800&ssl=1","type":"image\/webp"}],"twitter_card":"summary_large_image","twitter_misc":{"Tempo estimado de leitura":"2 minutos"},"schema":{"@context":"https:\/\/schema.org","@graph":[{"@type":"WebPage","@id":"https:\/\/motoleonardo.com\/?product=macbor-montana-xr1-125-evo-kit-3-malas-de-oferta","url":"https:\/\/motoleonardo.com\/?product=macbor-montana-xr1-125-evo-kit-3-malas-de-oferta","name":"Macbor Montana XR1 125 EVO (Kit 3 malas de oferta) - Moto Leonardo","isPartOf":{"@id":"https:\/\/motoleonardo.com\/#website"},"primaryImageOfPage":{"@id":"https:\/\/motoleonardo.com\/?product=macbor-montana-xr1-125-evo-kit-3-malas-de-oferta#primaryimage"},"image":{"@id":"https:\/\/motoleonardo.com\/?product=macbor-montana-xr1-125-evo-kit-3-malas-de-oferta#primaryimage"},"thumbnailUrl":"https:\/\/i0.wp.com\/motoleonardo.com\/wp-content\/uploads\/2025\/07\/med_fit_macbor-montana-xr1-125-evo-vista-3-4-derecho-negro-1-photoroom.webp?fit=1000%2C800&ssl=1","datePublished":"2025-07-21T10:55:40+00:00","dateModified":"2025-11-12T16:53:26+00:00","breadcrumb":{"@id":"https:\/\/motoleonardo.com\/?product=macbor-montana-xr1-125-evo-kit-3-malas-de-oferta#breadcrumb"},"inLanguage":"pt-PT","potentialAction":[{"@type":"ReadAction","target":["https:\/\/motoleonardo.com\/?product=macbor-montana-xr1-125-evo-kit-3-malas-de-oferta"]}]},{"@type":"ImageObject","inLanguage":"pt-PT","@id":"https:\/\/motoleonardo.com\/?product=macbor-montana-xr1-125-evo-kit-3-malas-de-oferta#primaryimage","url":"https:\/\/i0.wp.com\/motoleonardo.com\/wp-content\/uploads\/2025\/07\/med_fit_macbor-montana-xr1-125-evo-vista-3-4-derecho-negro-1-photoroom.webp?fit=1000%2C800&ssl=1","contentUrl":"https:\/\/i0.wp.com\/motoleonardo.com\/wp-content\/uploads\/2025\/07\/med_fit_macbor-montana-xr1-125-evo-vista-3-4-derecho-negro-1-photoroom.webp?fit=1000%2C800&ssl=1","width":1000,"height":800},{"@type":"BreadcrumbList","@id":"https:\/\/motoleonardo.com\/?product=macbor-montana-xr1-125-evo-kit-3-malas-de-oferta#breadcrumb","itemListElement":[{"@type":"ListItem","position":1,"name":"In\u00edcio","item":"https:\/\/motoleonardo.com\/"},{"@type":"ListItem","position":2,"name":"Todas Categorias","item":"https:\/\/motoleonardo.com\/?page_id=252"},{"@type":"ListItem","position":3,"name":"Macbor Montana XR1 125 EVO (Kit 3 malas de oferta)"}]},{"@type":"WebSite","@id":"https:\/\/motoleonardo.com\/#website","url":"https:\/\/motoleonardo.com\/","name":"Moto Leonardo","description":"Motas Novas e Usadas - Oficina Multimarcas - Pe\u00e7as, Acess\u00f3rios e Equipamento","publisher":{"@id":"https:\/\/motoleonardo.com\/#organization"},"potentialAction":[{"@type":"SearchAction","target":{"@type":"EntryPoint","urlTemplate":"https:\/\/motoleonardo.com\/?s={search_term_string}"},"query-input":{"@type":"PropertyValueSpecification","valueRequired":true,"valueName":"search_term_string"}}],"inLanguage":"pt-PT"},{"@type":"Organization","@id":"https:\/\/motoleonardo.com\/#organization","name":"Moto Leonardo","url":"https:\/\/motoleonardo.com\/","logo":{"@type":"ImageObject","inLanguage":"pt-PT","@id":"https:\/\/motoleonardo.com\/#\/schema\/logo\/image\/","url":"https:\/\/i0.wp.com\/motoleonardo.com\/wp-content\/uploads\/2022\/10\/cropped-Professional-Initial-Letter-Typography-Logo.png?fit=512%2C512&ssl=1","contentUrl":"https:\/\/i0.wp.com\/motoleonardo.com\/wp-content\/uploads\/2022\/10\/cropped-Professional-Initial-Letter-Typography-Logo.png?fit=512%2C512&ssl=1","width":512,"height":512,"caption":"Moto Leonardo"},"image":{"@id":"https:\/\/motoleonardo.com\/#\/schema\/logo\/image\/"},"sameAs":["https:\/\/www.facebook.com\/motoleonardopt","https:\/\/www.instagram.com\/moto_leonardo\/"]}]}},"jetpack_sharing_enabled":true,"_links":{"self":[{"href":"https:\/\/motoleonardo.com\/index.php?rest_route=\/wp\/v2\/product\/8236","targetHints":{"allow":["GET"]}}],"collection":[{"href":"https:\/\/motoleonardo.com\/index.php?rest_route=\/wp\/v2\/product"}],"about":[{"href":"https:\/\/motoleonardo.com\/index.php?rest_route=\/wp\/v2\/types\/product"}],"wp:featuredmedia":[{"embeddable":true,"href":"https:\/\/motoleonardo.com\/index.php?rest_route=\/wp\/v2\/media\/8253"}],"wp:attachment":[{"href":"https:\/\/motoleonardo.com\/index.php?rest_route=%2Fwp%2Fv2%2Fmedia&parent=8236"}],"wp:term":[{"taxonomy":"product_brand","embeddable":true,"href":"https:\/\/motoleonardo.com\/index.php?rest_route=%2Fwp%2Fv2%2Fproduct_brand&post=8236"},{"taxonomy":"product_cat","embeddable":true,"href":"https:\/\/motoleonardo.com\/index.php?rest_route=%2Fwp%2Fv2%2Fproduct_cat&post=8236"},{"taxonomy":"product_tag","embeddable":true,"href":"https:\/\/motoleonardo.com\/index.php?rest_route=%2Fwp%2Fv2%2Fproduct_tag&post=8236"}],"curies":[{"name":"wp","href":"https:\/\/api.w.org\/{rel}","templated":true}]}}